en 8038 is divided by 2679.
1
Calculate the remainder when 243363 is divided by 73.
54
What is the remainder when 4047 is divided by 111?
51
What is the remainder when 195230 is divided by 59?
58
Calculate the remainder when 86464 is divided by 14.
0
What is the remainder when 2692 is divided by 331?
44
Calculate the remainder when 17474 is divided by 92.
86
What is the remainder when 110734 is divided by 36903?
25
What is the remainder when 2754 is divided by 38?
18
What is the remainder when 28333 is divided by 603?
595
Calculate the remainder when 45727 is divided by 52.
19
Calculate the remainder when 23811 is divided by 189.
186
Calculate the remainder when 4917 is divided by 2439.
39
What is the remainder when 5573618 is divided by 52?
50
Calculate the remainder when 1192 is divided by 74.
8
Calculate the remainder when 1018 is divided by 376.
266
Calculate the remainder when 58598 is divided by 46.
40
What is the remainder when 2795 is divided by 2134?
661
Calculate the remainder when 1468804 is divided by 687.
685
What is the remainder when 797 is divided by 255?
32
Calculate the remainder when 91010 is divided by 12999.
17
Calculate the remainder when 43835 is divided by 122.
37
What is the remainder when 49943 is divided by 1065?
953
Calculate the remainder when 30096 is divided by 37.
15
Calculate the remainder when 3290 is divided by 641.
85
What is the remainder when 34424 is divided by 257?
243
What is the remainder when 6257 is divided by 62?
57
What is the remainder when 215197 is divided by 538?
535
Calculate the remainder when 84484 is divided by 42226.
32
Calculate the remainder when 3827 is divided by 9.
2
Calculate the remainder when 31714 is divided by 36.
34
Calculate the remainder when 879827 is divided by 21.
11
What is the remainder when 17093 is divided by 52?
37
Calculate the remainder when 2603 is divided by 859.
26
Calculate the remainder when 1417 is divided by 1156.
261
What is the remainder when 17252 is divided by 169?
14
What is the remainder when 5984 is divided by 851?
27
Calculate the remainder when 144133 is divided by 42.
31
What is the remainder when 10588 is divided by 428?
316
What is the remainder when 14738 is divided by 16?
2
What is the remainder when 18143 is divided by 115?
88
What is the remainder when 3849 is divided by 6?
3
Calculate the remainder when 1669221 is divided by 1256.
1253
Calculate the remainder when 3516 is divided by 14.
2
What is the remainder when 1177 is divided by 54?
43
Calculate the remainder when 513082 is divided by 67.
63
What is the remainder when 973 is divided by 168?
133
Calculate the remainder when 2366 is divided by 38.
10
What is the remainder when 712 is divided by 64?
8
Calculate the remainder when 4123 is divided by 3114.
1009
What is the remainder when 3561 is divided by 3?
0
Calculate the remainder when 73836 is divided by 304.
268
Calculate the remainder when 31015 is divided by 211.
209
What is the remainder when 379 is divided by 331?
48
What is the remainder when 7992 is divided by 41?
38
What is the remainder when 11053 is divided by 11049?
4
What is the remainder when 5921 is divided by 591?
11
Calculate the remainder when 22020 is divided by 5502.
12
What is the remainder when 8755 is divided by 60?
55
What is the remainder when 41696 is divided by 13858?
122
What is the remainder when 5356 is divided by 16?
12
Calculate the remainder when 16182 is divided by 84.
54
What is the remainder when 4110302 is divided by 1069?
1066
Calculate the remainder when 58275 is divided by 18.
9
What is the remainder when 4458 is divided by 214?
178
Calculate the remainder when 1681 is divided by 587.
507
What is the remainder when 4640 is divided by 45?
5
Calculate the remainder when 5053 is divided by 267.
247
Calculate the remainder when 694835 is divided by 347394.
47
What is the remainder when 39432 is divided by 2797?
274
Calculate the remainder when 36022 is divided by 516.
418
Calculate the remainder when 327 is divided by 148.
31
Calculate the remainder when 757 is divided by 392.
365
What is the remainder when 2687 is divided by 43?
21
What is the remainder when 13327 is divided by 2025?
1177
Calculate the remainder when 5316 is divided by 670.
626
Calculate the remainder when 35660 is divided by 7129.
15
Calculate the remainder when 23563 is divided by 25.
13
What is the remainder when 5858 is divided by 366?
2
What is the remainder when 6961 is divided by 76?
45
Calculate the remainder when 33011 is divided by 25.
11
What is the remainder when 302653 is divided by 370?
363
What is the remainder when 27469 is divided by 541?
419
Calculate the remainder when 200901 is divided by 132.
129
Calculate the remainder when 7707 is divided by 1511.
152
What is the remainder when 434822 is divided by 108703?
10
Calculate the remainder when 55252 is divided by 18410.
22
What is the remainder when 59461 is divided by 63?
52
Calculate the remainder when 60990 is divided by 20326.
12
Calculate the remainder when 13086 is divided by 8.
6
What is the remainder when 6374 is divided by 47?
29
What is the remainder when 50045 is divided by 16676?
17
What is the remainder when 501 is divided by 112?
53
What is the remainder when 21142 is divided by 10431?
280
What is the remainder when 34772 is divided by 107?
104
What is the remainder when 198727 is divided by 302?
11
What is the remainder when 1480827 is divided by 39?
36
Calculate the remainder when 14523 is divided by 695.
623
Calculate the remainder when 5775 is divided by 2881.
13
Calculate the remainder when 262104 is divided by 15.
9
Calculate the remainder when 2096862 is divided by 11.
9
What is the remainder when 888 is divided by 318?
252
What is the remainder when 145008 is divided by 34?
32
What is the remainder when 74556 is divided by 36?
0
What is the remainder when 620 is divided by 150?
20
What is the remainder when 64936 is divided by 192?
40
Calculate the remainder when 30118 is divided by 490.
228
What is the remainder when 17568 is divided by 367?
319
What is the remainder when 105198 is divided by 16?
14
Calculate the remainder when 27783 is divided by 302.
301
Calculate the remainder when 21715 is divided by 21641.
74
Calculate the remainder when 130966 is divided by 204.
202
Calculate the remainder when 213 is divided by 21.
3
What is the remainder when 592576 is divided by 126?
124
What is the remainder when 12893 is divided by 12893?
0
What is the remainder when 4664 is divided by 77?
44
What is the remainder when 6974 is divided by 113?
81
What is the remainder when 16820 is divided by 53?
19
Calculate the remainder when 1153 is divided by 335.
148
What is the remainder when 43640 is divided by 12?
8
What is the remainder when 1311 is divided by 631?
49
What is the remainder when 1166 is divided by 529?
108
What is the remainder when 2554731 is divided by 214?
213
What is the remainder when 4975 is divided by 950?
225
Calculate the remainder when 619368 is divided by 3144.
0
Calculate the remainder when 34255 is divided by 3424.
15
Calculate the remainder when 647 is divided by 52.
23
What is the remainder when 26938 is divided by 403?
340
Calculate the remainder when 5153236 is divided by 1121.
1120
What is the remainder when 62971 is divided by 12?
7
What is the remainder when 17416 is divided by 117?
100
What is the remainder when 52082 is divided by 6501?
74
Calculate the remainder when 44824 is divided by 22351.
122
What is the remainder when 130322 is divided by 1343?
51
Calculate the remainder when 39277 is divided by 13090.
7
Calculate the remainder when 4352 is divided by 725.
2
What is the remainder when 102792 is divided by 17129?
18
Calculate the remainder when 12117 is divided by 101.
98
Calculate the remainder when 6332 is divided by 176.
172
What is the remainder when 24397 is divided by 12105?
187
What is the remainder when 19882 is divided by 778?
432
What is the remainder when 7405 is divided by 3278?
849
What is the remainder when 1285 is divided by 88?
53
What is the remainder when 91673 is divided by 445?
3
Calculate the remainder when 2690 is divided by 403.
272
Calculate the remainder when 535 is divided by 30.
25
What is the remainder when 7252 is divided by 12?
4
What